/(2/2). Let d be (0 - (-18 - -8)) + 256. Calculate the greatest common divisor of d and s.
14
Let b = 20829 - 20815. What is the highest common divisor of 15890 and b?
14
Suppose -2*d + 265 = -5*d - 5*n, -4*d + n = 315. Let g be 20/d + 159/12. What is the highest common divisor of 13 and g?
13
Suppose -3*v + 9457 = -26*v + 14839. What is the highest common factor of 1950 and v?
78
Let q be (-9)/(-12) + (-8092)/16. Let k = -289 - q. What is the greatest common factor of 24 and k?
24
Suppose 4*j - 279 = 5*o, -4*j - 4*o = -5*o - 267. What is the greatest common factor of j and 198?
66
Let j be 496/155*90/24. Calculate the highest common divisor of 304 and j.
4
Suppose 10*f - 51440 = -3*h, -3*f + 32 = 8. Calculate the highest common factor of h and 40.
40
Suppose 4 = -p - 0. Let t be 6*(-2 - 0 - p). Let g(x) = x - 2. Let l be g(8). Calculate the highest common divisor of t and l.
6
Suppose 14*g - 4291 = -1435. Let i = g + -190. Calculate the highest common factor of 154 and i.
14
Let t = 40 - 16. Let o be (-130)/(-60) - 2/t*2. Suppose -4*z + 0*b + 48 = -3*b, -5*z + o*b = -67. Calculate the highest common factor of 20 and z.
5
Suppose -57*w = -295*w + 102131 + 673749. Calculate the greatest common factor of 1793 and w.
163
Let x be -96*((-6)/(-4))/(-1). Let h be 153/(-63) + 2 - 645/(-35). What is the greatest common divisor of h and x?
18
Let f be (-11)/(-187)*-2 - -1572*575/85. What is the greatest common factor of f and 52?
26
Suppose 103*x - 46690 = 89*x. What is the highest common factor of 580 and x?
145
Let h = 61 - -43. Let n be (4/(-6))/((-76)/912). Calculate the greatest common divisor of h and n.
8
Let z(a) = 2*a**2 - 127*a - 1501. Let r be z(-11). Calculate the greatest common factor of r and 84.
6
Let h = -14650 - -15228. What is the highest common divisor of 2 and h?
2
Suppose -4*u + 176 + 123 = -5*x, -u = -2*x - 71. Calculate the highest common divisor of 1431 and u.
27
Suppose 5*v - 319 = -2*r - 172, -5*r - 53 = -2*v. Suppose -b - 714 = -4*b. Let s = b + -151. What is the highest common divisor of v and s?
29
Let x = -57 - -241. Suppose 2*u = 4*h - 26, -5 - 31 = -3*h - 4*u. What is the greatest common factor of h and x?
8
Suppose 4*b + 1711 = 227. Let q = 1121 + b. Suppose 0*o + 10*o = q. Calculate the greatest common factor of 30 and o.
15
Suppose -2*t + 18 = 4*t. Suppose -298 = -t*o - 100. Let n(q) = -54*q - 642. Let a be n(-12). Calculate the greatest common factor of o and a.
6
Let q = -16494 + 29454. What is the highest common divisor of 150 and q?
30
Let l be 2/9 + 92/(-9) + 4. Let d be (0 - (l + 2)) + 208. What is the greatest common divisor of d and 4?
4
Let j(a) = -578*a + 236. Let q be j(-3). Calculate the greatest common divisor of q and 20.
10
Suppose 5*b = 4*b. Suppose -21*j + 74 + 31 = b. Calculate the greatest common factor of 25 and j.
5
Suppose 6*n + 168 = 2*n. Suppose -5*x + 300 = -5*p, -x - 115 = 2*p - 4*x. Let s = n - p. What is the highest common factor of 46 and s?
23
Let y = 150769 - 150239. Suppose -2*t - 25 + 131 = 0. Calculate the highest common factor of y and t.
53
Let s = 9667 - 7338. What is the greatest common divisor of s and 34?
17
Let i = 11 + 8. Suppose 0 = 5*s - 1 - i. Suppose -3*r + 19 = 4*w, 3*r - r - 14 = -s*w. What is the highest common factor of r and 15?
5
Let s be ((-4)/(-8) + -1)/(14/(-980)). What is the greatest common divisor of 560 and s?
35
Let w(g) be the third derivative of g**5/15 - g**4/6 + 5*g**3/3 + 38*g**2 + 2*g. Let q be w(-3). What is the greatest common factor of q and 464?
58
Let z(y) = 3878*y**2 + 2 + 2*y - 3879*y**2 + 8. Let l be z(0). Calculate the greatest common divisor of l and 5.
5
Suppose 0 = 4*w + i - 82, -5*i + 6*i = 2. What is the greatest common factor of 28700 and w?
20
Let g = -4 - 4. Let z(r) = -r**2 - 12*r + 33. Let h be z(g). Calculate the highest common factor of h and 117.
13
Let z = 3 - -8. Suppose 4*a - 184 = -0*a - 4*u, -3*u = 4*a - 186. Let y = 81 - a. Calculate the greatest common factor of z and y.
11
Let y(u) = 2*u**2 + 2*u + 5. Let w be y(-2). Suppose -75 = 8*b - w*b. What is the greatest common factor of 12 and b?
3
Let j(r) = 2*r**2 - 5*r - 11. Let z be j(5). Let u = z - 8. Let s be u + ((-2)/3)/(16/24). Calculate the highest common divisor of 1 and s.
1
Let t(q) = -1 + 0*q + 23*q - 1 + 1. Let s be t(4). Suppose 9*n + 49 = 14*n - 4*d, -2*n - 4*d = -42. Calculate the greatest common factor of n and s.
13
Let d(v) = -v**3 + 2*v**2 + 8*v - 3. Suppose 2*n = 4 - 88. Let w = 45 + n. Let z be d(w). Calculate the greatest common divisor of z and 96.
12
Suppose 2*n + 2*n - 8 = 0. Let r be 4*1*(n + -1). Let z be (2 + -6 + 5)*r. What is the highest common factor of 6 and z?
2
Let f(s) = 48*s + 159. Let z be f(-3). What is the greatest common factor of 4800 and z?
15
Let o(f) = -2*f**3 - 13*f**2 + 6*f - 40. Let d be o(-13). Calculate the greatest common divisor of 77 and d.
77
Suppose -4*y = 2*v - 1096, -5*y - 786 = -3*v + 869. Let b be (-8)/52 + 2608/52. What is the greatest common factor of v and b?
50
Let a(g) = 11*g - 188. Let r be a(19). Let z = 69 - 48. Calculate the greatest common factor of z and r.
21
Suppose -5132 = 16*o - 5356. Let t(g) = 91*g. Let v be t(1). Calculate the greatest common divisor of o and v.
7
Let z(n) = 175*n**3 - 3*n**2 + 4*n - 2. Let a be z(1). Suppose 5*l = 1334 - a. What is the highest common factor of l and 16?
8
Suppose -50*k = -151*k - 90*k + 191191. What is the greatest common divisor of 52 and k?
13
Let m = -479 + 822. Let a = -67 + m. Calculate the greatest common factor of a and 12.
12
Suppose -2*w + 464 = -4*a, 260 = w - 8*a + 13*a. What is the highest common divisor of w and 132?
12
Let g be (-4)/44 - 34524/(-308). What is the highest common divisor of g and 400?
16
Let u = 6826 + -5464. What is the greatest common factor of 12 and u?
6
Let u(m) = -3*m + 33. Let d be u(10). Suppose -t + 324 = 4*s, d*t - 1101 + 177 = 4*s. Let x = -93 - -145. Calculate the greatest common divisor of t and x.
52
Let i = -169 - -240. Suppose 0 = 13*s - 0*s - 7384. What is the highest common divisor of s and i?
71
Suppose 0 = 5*a - 5*u - 1220, 6*u - 2*u - 4 = 0. Calculate the greatest common divisor of a and 5.
5
Let z = -407 + 592. Suppose 7*d + z = 507. What is the greatest common factor of 161 and d?
23
Let k be 2/13 + 3311/(-143). Let y = -71 + -2. Let m = k - y. Calculate the highest common factor of m and 30.
10
Let y be (((-2)/2)/1 + -6)*(-864)/63. Let g be 1/(2/18*3). Suppose g*k - 48 = -k. Calculate the greatest common divisor of k and y.
12
Let f be (-30)/18 - (-2)/3*-2. Let h be (f + 62/(-14))/((-2)/7). What is the greatest common divisor of h and 364?
26
Suppose 0 = p + b + 330, 2*b + 1647 = -5*p - 0*b. Let c = -320 - p. What is the highest common factor of c and 12?
3
Let u be (9793/2 - -2) + 39*22/(-572). What is the highest common divisor of u and 59?
59
Let r = -437 + 440. Let p be (-132)/r*((-10)/4 - -2). Calculate the highest common factor of 374 and p.
22
Suppose 2*s + 1652 = 3*t, -4*t + 0*s + 2202 = -2*s. Suppose -1610 = -24*f + t. Calculate the highest common factor of f and 6.
6
Let m = -20377 - -27412. Calculate the greatest common factor of 210 and m.
105
Let f be (4 - (-68 - 11))*5. Calculate the greatest common factor of 55 and f.
5
Suppose 2*z - 22 - 104 = -4*g, 0 = z + 3*g - 57. Calculate the greatest common divisor of z and 2425.
25
Suppose 5*k + 1996*l = 1998*l + 2394, -3*k + 1463 = -5*l. Calculate the greatest common factor of 17 and k.
17
Let n = -4992 + 5055. What is the greatest common factor of 364 and n?
7
Suppose -91*r + 58*r = -924. Suppose 0 = -12*n + 470 - 134. Calculate the greatest common divisor of n and r.
28
Let h(p) = 2*p**2 - 3*p - 8. Let b be h(6). Let y be ((-6)/(-5 + 2))/(50/(-12075)*-21). Calculate the highest common factor of y and b.
23
Suppose -5*y = -175 - 25. Let m be ((-124)/(-16))/((-1)/(-92)). Let n = -393 + m. What is the greatest common divisor of y and n?
40
Suppose 11*g + 16 = 15*g. Suppose 0 = 4*r - g, 2*p + 0*p = 5*r + 75. Let h = -93 + 133. Calculate the highest common divisor of h and p.
40
Let k be 8/(-18) + (6 - (-53500)/90). What is the highest common factor of 160 and k?
40
Suppose -5*n + 2*n + 705 = 0. Suppose 4*m = -8, 0 = -2*a + 37*m - 41*m + 86. What is the hig